ulate the highest common divisor of 721 and 14317.
103
What is the highest common divisor of 3108 and 258186?
222
What is the highest common divisor of 452 and 35143?
113
Calculate the greatest common divisor of 4424 and 85568.
56
Calculate the highest common factor of 4613 and 2625.
7
Calculate the greatest common divisor of 225 and 1980.
45
What is the highest common divisor of 130218 and 33?
33
What is the highest common divisor of 123300 and 1125?
225
What is the highest common factor of 103297 and 901?
53
What is the highest common divisor of 125828 and 1328?
332
Calculate the greatest common factor of 6348 and 4124613.
1587
What is the greatest common factor of 5491 and 209?
19
What is the highest common divisor of 1060 and 56074?
106
Calculate the highest common factor of 9185 and 495.
55
What is the greatest common factor of 782313 and 21?
21
Calculate the greatest common factor of 79560 and 11310.
390
What is the highest common divisor of 252 and 2604861?
63
What is the highest common factor of 180 and 411708?
12
Calculate the greatest common divisor of 98072 and 2852.
92
What is the highest common factor of 156 and 119418?
78
What is the highest common factor of 24 and 981606?
6
What is the highest common divisor of 8 and 1053312?
8
Calculate the highest common factor of 3228 and 516.
12
What is the greatest common factor of 931 and 151487?
133
What is the greatest common factor of 161 and 198329?
23
Calculate the highest common divisor of 54899 and 37843.
533
Calculate the greatest common divisor of 2100 and 1458300.
300
What is the greatest common divisor of 104643 and 1584?
99
What is the greatest common factor of 1160 and 1640?
40
What is the highest common divisor of 1616 and 656?
16
Calculate the highest common divisor of 3540 and 405.
15
What is the highest common divisor of 3686 and 266459?
97
What is the greatest common divisor of 12650 and 35926?
506
What is the greatest common factor of 1604 and 12652?
4
What is the highest common divisor of 11105 and 5?
5
What is the greatest common divisor of 15 and 828395?
5
Calculate the highest common divisor of 176 and 51931.
11
What is the greatest common factor of 12 and 156260?
4
What is the greatest common factor of 1015 and 4235?
35
Calculate the greatest common divisor of 2551204 and 292.
292
Calculate the greatest common divisor of 5509 and 133.
7
What is the highest common factor of 207376 and 4576?
208
Calculate the highest common factor of 9 and 87375.
3
What is the highest common factor of 1740 and 63858?
174
What is the highest common divisor of 6262 and 124?
62
What is the highest common factor of 810474 and 3?
3
Calculate the highest common factor of 704 and 48312.
88
What is the highest common factor of 2145 and 63635?
715
Calculate the highest common factor of 884 and 11440.
52
What is the highest common divisor of 25655 and 35?
35
What is the highest common factor of 1325 and 1961?
53
Calculate the highest common factor of 261203 and 87.
29
What is the highest common factor of 65 and 115037?
13
What is the highest common divisor of 11454 and 1104?
138
What is the greatest common divisor of 18190 and 2720?
170
Calculate the highest common divisor of 540 and 702760.
20
Calculate the greatest common divisor of 414396 and 324.
324
Calculate the greatest common factor of 274 and 323594.
274
What is the highest common factor of 15762 and 11766?
222
What is the greatest common factor of 5160275 and 25?
25
Calculate the highest common factor of 71586 and 1107.
369
Calculate the highest common divisor of 396 and 166518.
198
Calculate the highest common factor of 192855 and 3870.
645
What is the greatest common factor of 26 and 952354?
26
What is the greatest common factor of 1599616 and 256?
128
Calculate the greatest common factor of 2874 and 62270.
958
What is the greatest common factor of 400730 and 250?
10
Calculate the highest common factor of 4575 and 9455.
305
What is the greatest common divisor of 764 and 251738?
382
What is the greatest common divisor of 905 and 55?
5
What is the highest common factor of 3302 and 36?
2
What is the greatest common factor of 7182 and 3249?
171
What is the highest common factor of 1940 and 18721?
97
Calculate the greatest common factor of 72942 and 24.
6
What is the highest common factor of 44823 and 5561?
67
What is the greatest common divisor of 67620 and 245?
245
Calculate the greatest common divisor of 214893 and 729.
81
What is the highest common factor of 713460 and 6?
6
Calculate the greatest common divisor of 22242 and 1023.
33
What is the greatest common factor of 40 and 214?
2
What is the highest common divisor of 27 and 20547?
27
Calculate the highest common divisor of 27681 and 21.
3
Calculate the greatest common factor of 196 and 2318.
2
Calculate the greatest common divisor of 648 and 93744.
216
What is the highest common factor of 20 and 271540?
20
What is the greatest common factor of 924528 and 2472?
2472
What is the highest common divisor of 52 and 2353676?
52
Calculate the greatest common factor of 1128 and 371958.
282
What is the greatest common factor of 513517 and 159?
53
Calculate the highest common divisor of 25947 and 13122.
27
Calculate the highest common divisor of 1940 and 2540.
20
What is the highest common factor of 35 and 135540?
5
Calculate the highest common factor of 6 and 246894.
6
Calculate the highest common divisor of 413 and 58823.
59
What is the highest common divisor of 2868 and 138?
6
Calculate the highest common divisor of 345 and 3069879.
69
What is the highest common factor of 2319 and 36?
3
Calculate the greatest common divisor of 238 and 30702.
238
What is the highest common divisor of 273 and 3367?
91
What is the greatest common divisor of 180 and 26415?
45
What is the highest common divisor of 6306 and 50?
2
What is the highest common divisor of 581077 and 257?
257
What is the highest common divisor of 696 and 28072?
232
What is the greatest common divisor of 438102 and 22743?
1197
Calculate the highest common factor of 765 and 69955.
85
What is the greatest common factor of 2653 and 283492?
379
Calculate the highest common divisor of 41439 and 627.
57
Calculate the highest common factor of 9 and 33822.
9
Calculate the highest common divisor of 1389225 and 25.
25
Calculate the highest common divisor of 591 and 37.
1
What is the greatest common factor of 297 and 61941?
33
What is the greatest common factor of 44869 and 22?
11
What is the greatest common factor of 351373 and 187?
187
Calculate the highest common divisor of 78016 and 2714.
46
Calculate the highest common factor of 271301 and 218.
109
What is the highest common divisor of 16716 and 84?
84
What is the greatest common divisor of 13616 and 15824?
368
Calculate the highest common divisor of 42029 and 66833.
689
Calculate the highest common divisor of 726 and 469601.
121
Calculate the greatest common factor of 453850 and 174.
58
Calculate the highest common divisor of 81315 and 273.
39
Calculate the greatest common factor of 2004886 and 39.
13
Calculate the highest common divisor of 1282328 and 5688.
632
What is the greatest common divisor of 363 and 31119?
33
Calculate the highest common factor of 4428 and 10378125.
1107
What is the greatest common divisor of 1479348 and 156?
156
What is the highest common factor of 7602 and 28?
14
Calculate the highest common divisor of 58256 and 792.
88
What is the greatest common factor of 5630 and 6589915?
2815
Calculate the greatest common divisor of 20930 and 113750.
910
What is the greatest common divisor of 15824 and 64?
16
Calculate the highest common divisor of 2042562 and 804.
402
What is the highest common factor of 2 and 13106?
2
What is the greatest common factor of 1768 and 13208?
104
Calculate the greatest common factor of 65055 and 75.
15
Calculate the highest common factor of 357 and 14943.
51
Calculate the greatest common factor of 14 and 999418.
14
What is the highest common factor of 72 and 75132?
36
What is the greatest common divisor of 2125 and 9605?
85
Calculate the greatest common factor of 532 and 4046.
14
What is the greatest common factor of 394581 and 143?
11
What is the highest common divisor of 703 and 2774?
19
What is the highest common divisor of 423882 and 